{"id":7551,"date":"2022-11-10T08:28:19","date_gmt":"2022-11-10T07:28:19","guid":{"rendered":"https:\/\/www.lengnau.ch\/?page_id=7551"},"modified":"2024-09-06T11:22:34","modified_gmt":"2024-09-06T09:22:34","slug":"cite-de-lenergie","status":"publish","type":"page","link":"https:\/\/www.lengnau.ch\/fr\/themes\/ueber-lengnau\/cite-de-lenergie\/","title":{"rendered":"Cit\u00e9 de l&rsquo;\u00e9nergie"},"content":{"rendered":"<p>La commune de Lengnau BE est membre de l&rsquo;association Cit\u00e9 de l&rsquo;\u00e9nergie depuis le 1er d\u00e9cembre 2010. La volont\u00e9 de participer activement au d\u00e9veloppement durable et la mise en \u0153uvre r\u00e9ussie de diff\u00e9rentes mesures ont conduit \u00e0 l&rsquo;obtention du label en 2018. La commune de Lengnau BE poursuit ses efforts en mati\u00e8re de politique \u00e9nerg\u00e9tique communale et d\u00e9veloppe en permanence de nouveaux projets. Quatre ans apr\u00e8s avoir obtenu le label pour la premi\u00e8re fois, la commune de Lengnau BE est maintenant engag\u00e9e dans un processus de recertification dans le but de conserver le label. L&rsquo;un des principaux objectifs de la commune de Lengnau BE est de promouvoir l&rsquo;\u00e9nergie solaire. Elle s&rsquo;engage dans la plate-forme solaire du Seeland et a d\u00e9j\u00e0 r\u00e9alis\u00e9 plusieurs installations photovolta\u00efques sur des b\u00e2timents appartenant \u00e0 la commune.  <\/p>\n<h2>Aper\u00e7u<\/h2>\n<p>  La municipalit\u00e9 de Lengnau BE s&rsquo;engage \u00e0 r\u00e9duire chaque ann\u00e9e la consommation d&rsquo;\u00e9nergie dans ses b\u00e2timents et installations, tout en produisant de l&rsquo;\u00e9nergie et de la chaleur propres. Les quatre installations photovolta\u00efques de l&rsquo;entreprise y contribuent de mani\u00e8re appr\u00e9ciable. La commune bourgeoise et la commune municipale de Lengnau BE exploitent un r\u00e9seau de chaleur depuis 2020. Sous le label Chaleur Lengnau, on utilise principalement des copeaux de bois provenant de la for\u00eat locale pour produire de la chaleur. En \u00e9t\u00e9, les rejets thermiques d&rsquo;une entreprise industrielle situ\u00e9e \u00e0 proximit\u00e9 permettent de couvrir 100% des besoins en eau chaude des b\u00e2timents raccord\u00e9s dans la commune. Depuis la mise en service de la centrale de chauffage urbain, le nombre de foyers et d&rsquo;entreprises raccord\u00e9s ne cesse d&rsquo;augmenter. L&rsquo;\u00e9clairage public des routes cantonales et communales est \u00e9galement un aspect important. Les diff\u00e9rents points d&rsquo;\u00e9clairage sont continuellement remplac\u00e9s par des luminaires \u00e0 LED. L&rsquo;utilisation de ces luminaires, indispensables pour am\u00e9liorer la s\u00e9curit\u00e9 routi\u00e8re, implique un meilleur contr\u00f4le. L&rsquo;intensit\u00e9 lumineuse des lampes LED est r\u00e9duite aux heures tardives, ce qui permet d&rsquo;\u00e9conomiser encore plus d&rsquo;\u00e9nergie.  <\/p>\n<h2>Perspectives d&rsquo;avenir<\/h2>\n<p>  La municipalit\u00e9 de Lengnau BE installera continuellement d&rsquo;autres syst\u00e8mes photovolta\u00efques sur ses propres b\u00e2timents afin de promouvoir l&rsquo;approvisionnement en \u00e9lectricit\u00e9 locale et durable. Elle soutient Chaleur Lengnau pour la desserte d&rsquo;autres parties du village. L&rsquo;objectif est de pouvoir proposer \u00e0 long terme un chauffage urbain sur l&rsquo;ensemble du territoire communal. Les besoins de mobilit\u00e9 internes \u00e0 la commune doivent \u00eatre encourag\u00e9s par des projets de mobilit\u00e9 douce. La mobilit\u00e9 douce pr\u00e9sente un potentiel inexploit\u00e9 consid\u00e9rable pour am\u00e9liorer la qualit\u00e9 de vie dans le village. La r\u00e9duction du trafic individuel motoris\u00e9 (TIM) entra\u00eene une diminution du bruit routier et une am\u00e9lioration de la qualit\u00e9 de vie dans les quartiers. Dans les ann\u00e9es \u00e0 venir, la commune continuera \u00e0 s&rsquo;engager dans ce sens. Il est par exemple pr\u00e9vu de cr\u00e9er un itin\u00e9raire continu pour les v\u00e9los et les pi\u00e9tons d&rsquo;ouest en est.  <\/p>\n<h2>En savoir plus sur le sujet<\/h2>\n<p><a href=\"https:\/\/www.lengnau.ch\/wp-content\/uploads\/2024\/02\/Flyer-Lengnau-machts4-Energieleitbild.pdf\" target=\"_blank\" rel=\"noopener\">Mod\u00e8le \u00e9nerg\u00e9tique Lengnau macht&rsquo;s<\/a><a href=\"https:\/\/www.energiestadt.ch\/\" target=\"_blank\" rel=\"noopener\">Cit\u00e9 de l&rsquo;\u00e9nergie<\/a><a href=\"https:\/\/waermelengnau.ch\/\" target=\"_blank\" rel=\"noopener\">Chaleur Lengnau<\/a><a href=\"https:\/\/www.solarplattformseeland.ch\/\" target=\"_blank\" rel=\"noopener\">Plate-forme solaire du Seeland<\/a><\/p>\n","protected":false},"excerpt":{"rendered":"<p>La commune de Lengnau BE est membre de l&rsquo;association Cit\u00e9 de l&rsquo;\u00e9nergie depuis le 1er d\u00e9cembre 2010. La volont\u00e9 de participer activement au d\u00e9veloppement durable et la mise en \u0153uvre r\u00e9ussie de diff\u00e9rentes mesures ont conduit \u00e0 l&rsquo;obtention du label en 2018. La commune de Lengnau BE poursuit ses efforts en mati\u00e8re de politique \u00e9nerg\u00e9tique [&hellip;]<\/p>\n","protected":false},"author":1,"featured_media":0,"parent":3230,"menu_order":21,"comment_status":"closed","ping_status":"closed","template":"","meta":{"_acf_changed":false,"_relevanssi_hide_post":"","_relevanssi_hide_content":"","_relevanssi_pin_for_all":"","_relevanssi_pin_keywords":"","_relevanssi_unpin_keywords":"","_relevanssi_related_keywords":"","_relevanssi_related_include_ids":"","_relevanssi_related_exclude_ids":"","_relevanssi_related_no_append":"","_relevanssi_related_not_related":"","_relevanssi_related_posts":"","_relevanssi_noindex_reason":"","footnotes":""},"class_list":["post-7551","page","type-page","status-publish","hentry"],"acf":[],"yoast_head":"<!-- This site is optimized with the Yoast SEO plugin v27.4 - https:\/\/yoast.com\/product\/yoast-seo-wordpress\/ -->\n<title>Cit\u00e9 de l&#039;\u00e9nergie - Gemeinde Lengnau<\/title>\n<meta name=\"robots\" content=\"index, follow, max-snippet:-1, max-image-preview:large, max-video-preview:-1\" \/>\n<link rel=\"canonical\" href=\"https:\/\/www.lengnau.ch\/fr\/themes\/ueber-lengnau\/cite-de-lenergie\/\" \/>\n<meta property=\"og:locale\" content=\"fr_FR\" \/>\n<meta property=\"og:type\" content=\"article\" \/>\n<meta property=\"og:title\" content=\"Cit\u00e9 de l&#039;\u00e9nergie - Gemeinde Lengnau\" \/>\n<meta property=\"og:description\" content=\"La commune de Lengnau BE est membre de l&rsquo;association Cit\u00e9 de l&rsquo;\u00e9nergie depuis le 1er d\u00e9cembre 2010. La volont\u00e9 de participer activement au d\u00e9veloppement durable et la mise en \u0153uvre r\u00e9ussie de diff\u00e9rentes mesures ont conduit \u00e0 l&rsquo;obtention du label en 2018. La commune de Lengnau BE poursuit ses efforts en mati\u00e8re de politique \u00e9nerg\u00e9tique [&hellip;]\" \/>\n<meta property=\"og:url\" content=\"https:\/\/www.lengnau.ch\/fr\/themes\/ueber-lengnau\/cite-de-lenergie\/\" \/>\n<meta property=\"og:site_name\" content=\"Gemeinde Lengnau\" \/>\n<meta property=\"article:modified_time\" content=\"2024-09-06T09:22:34+00:00\" \/>\n<meta name=\"twitter:card\" content=\"summary_large_image\" \/>\n<script type=\"application\/ld+json\" class=\"yoast-schema-graph\">{\"@context\":\"https:\\\/\\\/schema.org\",\"@graph\":[{\"@type\":\"WebPage\",\"@id\":\"https:\\\/\\\/www.lengnau.ch\\\/fr\\\/themes\\\/ueber-lengnau\\\/cite-de-lenergie\\\/\",\"url\":\"https:\\\/\\\/www.lengnau.ch\\\/fr\\\/themes\\\/ueber-lengnau\\\/cite-de-lenergie\\\/\",\"name\":\"Cit\u00e9 de l'\u00e9nergie - Gemeinde Lengnau\",\"isPartOf\":{\"@id\":\"https:\\\/\\\/www.lengnau.ch\\\/#website\"},\"datePublished\":\"2022-11-10T07:28:19+00:00\",\"dateModified\":\"2024-09-06T09:22:34+00:00\",\"breadcrumb\":{\"@id\":\"https:\\\/\\\/www.lengnau.ch\\\/fr\\\/themes\\\/ueber-lengnau\\\/cite-de-lenergie\\\/#breadcrumb\"},\"inLanguage\":\"fr-FR\",\"potentialAction\":[{\"@type\":\"ReadAction\",\"target\":[\"https:\\\/\\\/www.lengnau.ch\\\/fr\\\/themes\\\/ueber-lengnau\\\/cite-de-lenergie\\\/\"]}]},{\"@type\":\"BreadcrumbList\",\"@id\":\"https:\\\/\\\/www.lengnau.ch\\\/fr\\\/themes\\\/ueber-lengnau\\\/cite-de-lenergie\\\/#breadcrumb\",\"itemListElement\":[{\"@type\":\"ListItem\",\"position\":1,\"name\":\"Home\",\"item\":\"https:\\\/\\\/www.lengnau.ch\\\/fr\\\/\"},{\"@type\":\"ListItem\",\"position\":2,\"name\":\"Th\u00e8mes\",\"item\":\"https:\\\/\\\/www.lengnau.ch\\\/fr\\\/themes\\\/\"},{\"@type\":\"ListItem\",\"position\":3,\"name\":\"\u00c0 propos de Lengnau\",\"item\":\"https:\\\/\\\/www.lengnau.ch\\\/fr\\\/themes\\\/ueber-lengnau\\\/\"},{\"@type\":\"ListItem\",\"position\":4,\"name\":\"Cit\u00e9 de l&#8217;\u00e9nergie\"}]},{\"@type\":\"WebSite\",\"@id\":\"https:\\\/\\\/www.lengnau.ch\\\/#website\",\"url\":\"https:\\\/\\\/www.lengnau.ch\\\/\",\"name\":\"Gemeinde Lengnau\",\"description\":\"\",\"potentialAction\":[{\"@type\":\"SearchAction\",\"target\":{\"@type\":\"EntryPoint\",\"urlTemplate\":\"https:\\\/\\\/www.lengnau.ch\\\/?s={search_term_string}\"},\"query-input\":{\"@type\":\"PropertyValueSpecification\",\"valueRequired\":true,\"valueName\":\"search_term_string\"}}],\"inLanguage\":\"fr-FR\"}]}<\/script>\n<!-- \/ Yoast SEO plugin. -->","yoast_head_json":{"title":"Cit\u00e9 de l'\u00e9nergie - Gemeinde Lengnau","robots":{"index":"index","follow":"follow","max-snippet":"max-snippet:-1","max-image-preview":"max-image-preview:large","max-video-preview":"max-video-preview:-1"},"canonical":"https:\/\/www.lengnau.ch\/fr\/themes\/ueber-lengnau\/cite-de-lenergie\/","og_locale":"fr_FR","og_type":"article","og_title":"Cit\u00e9 de l'\u00e9nergie - Gemeinde Lengnau","og_description":"La commune de Lengnau BE est membre de l&rsquo;association Cit\u00e9 de l&rsquo;\u00e9nergie depuis le 1er d\u00e9cembre 2010. La volont\u00e9 de participer activement au d\u00e9veloppement durable et la mise en \u0153uvre r\u00e9ussie de diff\u00e9rentes mesures ont conduit \u00e0 l&rsquo;obtention du label en 2018. La commune de Lengnau BE poursuit ses efforts en mati\u00e8re de politique \u00e9nerg\u00e9tique [&hellip;]","og_url":"https:\/\/www.lengnau.ch\/fr\/themes\/ueber-lengnau\/cite-de-lenergie\/","og_site_name":"Gemeinde Lengnau","article_modified_time":"2024-09-06T09:22:34+00:00","twitter_card":"summary_large_image","schema":{"@context":"https:\/\/schema.org","@graph":[{"@type":"WebPage","@id":"https:\/\/www.lengnau.ch\/fr\/themes\/ueber-lengnau\/cite-de-lenergie\/","url":"https:\/\/www.lengnau.ch\/fr\/themes\/ueber-lengnau\/cite-de-lenergie\/","name":"Cit\u00e9 de l'\u00e9nergie - Gemeinde Lengnau","isPartOf":{"@id":"https:\/\/www.lengnau.ch\/#website"},"datePublished":"2022-11-10T07:28:19+00:00","dateModified":"2024-09-06T09:22:34+00:00","breadcrumb":{"@id":"https:\/\/www.lengnau.ch\/fr\/themes\/ueber-lengnau\/cite-de-lenergie\/#breadcrumb"},"inLanguage":"fr-FR","potentialAction":[{"@type":"ReadAction","target":["https:\/\/www.lengnau.ch\/fr\/themes\/ueber-lengnau\/cite-de-lenergie\/"]}]},{"@type":"BreadcrumbList","@id":"https:\/\/www.lengnau.ch\/fr\/themes\/ueber-lengnau\/cite-de-lenergie\/#breadcrumb","itemListElement":[{"@type":"ListItem","position":1,"name":"Home","item":"https:\/\/www.lengnau.ch\/fr\/"},{"@type":"ListItem","position":2,"name":"Th\u00e8mes","item":"https:\/\/www.lengnau.ch\/fr\/themes\/"},{"@type":"ListItem","position":3,"name":"\u00c0 propos de Lengnau","item":"https:\/\/www.lengnau.ch\/fr\/themes\/ueber-lengnau\/"},{"@type":"ListItem","position":4,"name":"Cit\u00e9 de l&#8217;\u00e9nergie"}]},{"@type":"WebSite","@id":"https:\/\/www.lengnau.ch\/#website","url":"https:\/\/www.lengnau.ch\/","name":"Gemeinde Lengnau","description":"","potentialAction":[{"@type":"SearchAction","target":{"@type":"EntryPoint","urlTemplate":"https:\/\/www.lengnau.ch\/?s={search_term_string}"},"query-input":{"@type":"PropertyValueSpecification","valueRequired":true,"valueName":"search_term_string"}}],"inLanguage":"fr-FR"}]}},"publishpress_future_action":{"enabled":false,"date":"2026-05-07 22:53:12","action":"change-status","newStatus":"draft","terms":[],"taxonomy":"translation_priority","extraData":[]},"publishpress_future_workflow_manual_trigger":{"enabledWorkflows":[]},"_links":{"self":[{"href":"https:\/\/www.lengnau.ch\/fr\/wp-json\/wp\/v2\/pages\/7551","targetHints":{"allow":["GET"]}}],"collection":[{"href":"https:\/\/www.lengnau.ch\/fr\/wp-json\/wp\/v2\/pages"}],"about":[{"href":"https:\/\/www.lengnau.ch\/fr\/wp-json\/wp\/v2\/types\/page"}],"author":[{"embeddable":true,"href":"https:\/\/www.lengnau.ch\/fr\/wp-json\/wp\/v2\/users\/1"}],"replies":[{"embeddable":true,"href":"https:\/\/www.lengnau.ch\/fr\/wp-json\/wp\/v2\/comments?post=7551"}],"version-history":[{"count":10,"href":"https:\/\/www.lengnau.ch\/fr\/wp-json\/wp\/v2\/pages\/7551\/revisions"}],"predecessor-version":[{"id":14320,"href":"https:\/\/www.lengnau.ch\/fr\/wp-json\/wp\/v2\/pages\/7551\/revisions\/14320"}],"up":[{"embeddable":true,"href":"https:\/\/www.lengnau.ch\/fr\/wp-json\/wp\/v2\/pages\/3230"}],"wp:attachment":[{"href":"https:\/\/www.lengnau.ch\/fr\/wp-json\/wp\/v2\/media?parent=7551"}],"curies":[{"name":"wp","href":"https:\/\/api.w.org\/{rel}","templated":true}]}}

Cité de l&rsquo;énergie

<p>La commune de Lengnau BE est membre de l&rsquo;association Cité de l&rsquo;énergie depuis le 1er décembre 2010. La volonté de participer activement au développement durable et la mise en œuvre réussie de différentes mesures ont conduit à l&rsquo;obtention du label en 2018. La commune de Lengnau BE poursuit ses efforts en matière de politique énergétique communale et développe en permanence de nouveaux projets. Quatre ans après avoir obtenu le label pour la première fois, la commune de Lengnau BE est maintenant engagée dans un processus de recertification dans le but de conserver le label. L&rsquo;un des principaux objectifs de la commune de Lengnau BE est de promouvoir l&rsquo;énergie solaire. Elle s&rsquo;engage dans la plate-forme solaire du Seeland et a déjà réalisé plusieurs installations photovoltaïques sur des bâtiments appartenant à la commune.  </p>
<h2>Aperçu</h2>
<p>  La municipalité de Lengnau BE s&rsquo;engage à réduire chaque année la consommation d&rsquo;énergie dans ses bâtiments et installations, tout en produisant de l&rsquo;énergie et de la chaleur propres. Les quatre installations photovoltaïques de l&rsquo;entreprise y contribuent de manière appréciable. La commune bourgeoise et la commune municipale de Lengnau BE exploitent un réseau de chaleur depuis 2020. Sous le label Chaleur Lengnau, on utilise principalement des copeaux de bois provenant de la forêt locale pour produire de la chaleur. En été, les rejets thermiques d&rsquo;une entreprise industrielle située à proximité permettent de couvrir 100% des besoins en eau chaude des bâtiments raccordés dans la commune. Depuis la mise en service de la centrale de chauffage urbain, le nombre de foyers et d&rsquo;entreprises raccordés ne cesse d&rsquo;augmenter. L&rsquo;éclairage public des routes cantonales et communales est également un aspect important. Les différents points d&rsquo;éclairage sont continuellement remplacés par des luminaires à LED. L&rsquo;utilisation de ces luminaires, indispensables pour améliorer la sécurité routière, implique un meilleur contrôle. L&rsquo;intensité lumineuse des lampes LED est réduite aux heures tardives, ce qui permet d&rsquo;économiser encore plus d&rsquo;énergie.  </p>
<h2>Perspectives d&rsquo;avenir</h2>
<p>  La municipalité de Lengnau BE installera continuellement d&rsquo;autres systèmes photovoltaïques sur ses propres bâtiments afin de promouvoir l&rsquo;approvisionnement en électricité locale et durable. Elle soutient Chaleur Lengnau pour la desserte d&rsquo;autres parties du village. L&rsquo;objectif est de pouvoir proposer à long terme un chauffage urbain sur l&rsquo;ensemble du territoire communal. Les besoins de mobilité internes à la commune doivent être encouragés par des projets de mobilité douce. La mobilité douce présente un potentiel inexploité considérable pour améliorer la qualité de vie dans le village. La réduction du trafic individuel motorisé (TIM) entraîne une diminution du bruit routier et une amélioration de la qualité de vie dans les quartiers. Dans les années à venir, la commune continuera à s&rsquo;engager dans ce sens. Il est par exemple prévu de créer un itinéraire continu pour les vélos et les piétons d&rsquo;ouest en est.  </p>
<h2>En savoir plus sur le sujet</h2>
<p><a href="https://www.lengnau.ch/wp-content/uploads/2024/02/Flyer-Lengnau-machts4-Energieleitbild.pdf" target="_blank" rel="noopener">Modèle énergétique Lengnau macht&rsquo;s</a><a href="https://www.energiestadt.ch/" target="_blank" rel="noopener">Cité de l&rsquo;énergie</a><a href="https://waermelengnau.ch/" target="_blank" rel="noopener">Chaleur Lengnau</a><a href="https://www.solarplattformseeland.ch/" target="_blank" rel="noopener">Plate-forme solaire du Seeland</a></p>

<p>La commune de Lengnau BE est membre de l&rsquo;association Cité de l&rsquo;énergie depuis le 1er décembre 2010. La volonté de participer activement au développement durable et la mise en œuvre réussie de différentes mesures ont conduit à l&rsquo;obtention du label en 2018. La commune de Lengnau BE poursuit ses efforts en matière de politique énergétique [&hellip;]</p>

<!-- This site is optimized with the Yoast SEO plugin v27.4 - https://yoast.com/product/yoast-seo-wordpress/ -->
<title>Cité de l&#039;énergie - Gemeinde Lengnau</title>
<meta name="robots" content="index, follow, max-snippet:-1, max-image-preview:large, max-video-preview:-1" />
<link rel="canonical" href="https://www.lengnau.ch/fr/themes/ueber-lengnau/cite-de-lenergie/" />
<meta property="og:locale" content="fr_FR" />
<meta property="og:type" content="article" />
<meta property="og:title" content="Cité de l&#039;énergie - Gemeinde Lengnau" />
<meta property="og:description" content="La commune de Lengnau BE est membre de l&rsquo;association Cité de l&rsquo;énergie depuis le 1er décembre 2010. La volonté de participer activement au développement durable et la mise en œuvre réussie de différentes mesures ont conduit à l&rsquo;obtention du label en 2018. La commune de Lengnau BE poursuit ses efforts en matière de politique énergétique [&hellip;]" />
<meta property="og:url" content="https://www.lengnau.ch/fr/themes/ueber-lengnau/cite-de-lenergie/" />
<meta property="og:site_name" content="Gemeinde Lengnau" />
<meta property="article:modified_time" content="2024-09-06T09:22:34+00:00" />
<meta name="twitter:card" content="summary_large_image" />
<script type="application/ld+json" class="yoast-schema-graph">{"@context":"https:\/\/schema.org","@graph":[{"@type":"WebPage","@id":"https:\/\/www.lengnau.ch\/fr\/themes\/ueber-lengnau\/cite-de-lenergie\/","url":"https:\/\/www.lengnau.ch\/fr\/themes\/ueber-lengnau\/cite-de-lenergie\/","name":"Cité de l'énergie - Gemeinde Lengnau","isPartOf":{"@id":"https:\/\/www.lengnau.ch\/#website"},"datePublished":"2022-11-10T07:28:19+00:00","dateModified":"2024-09-06T09:22:34+00:00","breadcrumb":{"@id":"https:\/\/www.lengnau.ch\/fr\/themes\/ueber-lengnau\/cite-de-lenergie\/#breadcrumb"},"inLanguage":"fr-FR","potentialAction":[{"@type":"ReadAction","target":["https:\/\/www.lengnau.ch\/fr\/themes\/ueber-lengnau\/cite-de-lenergie\/"]}]},{"@type":"BreadcrumbList","@id":"https:\/\/www.lengnau.ch\/fr\/themes\/ueber-lengnau\/cite-de-lenergie\/#breadcrumb","itemListElement":[{"@type":"ListItem","position":1,"name":"Home","item":"https:\/\/www.lengnau.ch\/fr\/"},{"@type":"ListItem","position":2,"name":"Thèmes","item":"https:\/\/www.lengnau.ch\/fr\/themes\/"},{"@type":"ListItem","position":3,"name":"À propos de Lengnau","item":"https:\/\/www.lengnau.ch\/fr\/themes\/ueber-lengnau\/"},{"@type":"ListItem","position":4,"name":"Cité de l&#8217;énergie"}]},{"@type":"WebSite","@id":"https:\/\/www.lengnau.ch\/#website","url":"https:\/\/www.lengnau.ch\/","name":"Gemeinde Lengnau","description":"","potentialAction":[{"@type":"SearchAction","target":{"@type":"EntryPoint","urlTemplate":"https:\/\/www.lengnau.ch\/?s={search_term_string}"},"query-input":{"@type":"PropertyValueSpecification","valueRequired":true,"valueName":"search_term_string"}}],"inLanguage":"fr-FR"}]}</script>
<!-- / Yoast SEO plugin. -->

Cité de l'énergie - Gemeinde Lengnau

La commune de Lengnau BE est membre de l&rsquo;association Cité de l&rsquo;énergie depuis le 1er décembre 2010. La volonté de participer activement au développement durable et la mise en œuvre réussie de différentes mesures ont conduit à l&rsquo;obtention du label en 2018. La commune de Lengnau BE poursuit ses efforts en matière de politique énergétique [&hellip;]

Thèmes

À propos de Lengnau

Cité de l&#8217;énergie
