{"id":3207,"date":"2022-02-16T18:36:39","date_gmt":"2022-02-16T17:36:39","guid":{"rendered":"https:\/\/lengnau.rettenmund.com\/verwaltung-politik\/gemeindeverwaltung\/praesidialabteilung\/"},"modified":"2025-09-17T11:03:16","modified_gmt":"2025-09-17T09:03:16","slug":"praesidialabteilung","status":"publish","type":"page","link":"https:\/\/www.lengnau.ch\/fr\/verwaltung-politik-2\/gemeindeverwaltung\/praesidialabteilung\/","title":{"rendered":"D\u00e9partement de la pr\u00e9sidence"},"content":{"rendered":"<h2>Domaines d&rsquo;activit\u00e9<\/h2>\n<p>Le d\u00e9partement pr\u00e9sidentiel est le service de coordination principal de l&rsquo;administration communale de Lengnau BE et est responsable des domaines suivants :<\/p>\n<ul>\n<li>T\u00e2ches de coordination interd\u00e9partementales<\/li>\n<li>Ressources humaines<\/li>\n<li>Promotion du site &#8211; Promotion \u00e9conomique<\/li>\n<li>Relations publiques et communication<\/li>\n<li>Soutien aux autorit\u00e9s<a title=\"Conseil municipal\" href=\"https:\/\/www.lengnau.ch\/fr\/verwaltung-politik-2\/politik\/conseil-municipal\/\" target=\"_blank\" rel=\"noopener\">(conseil municipal<\/a>, <a title=\"Commissions\" href=\"https:\/\/www.lengnau.ch\/fr\/verwaltung-politik-2\/politik\/kommissionen\/\">commissions<\/a> et comit\u00e9s)<\/li>\n<li>Contr\u00f4le des habitants<a title=\"Arriv\u00e9e \/ D\u00e9m\u00e9nagement \/ D\u00e9part\" href=\"https:\/\/www.lengnau.ch\/fr\/themes\/umzug\/\">(arriv\u00e9e \/ d\u00e9m\u00e9nagement \/ d\u00e9part<\/a> ainsi que <a href=\"https:\/\/www.lengnau.ch\/fr\/guichet-en-ligne\/formulare\/online-bestellung-heimatausweis-erstausstellung\/\">certificat d&rsquo;origine<\/a>, <a href=\"https:\/\/www.lengnau.ch\/fr\/guichet-en-ligne\/formulare\/online-bestellung-wohnsitzbestaetigung\/\">confirmation de domicile<\/a>, etc.)<\/li>\n<li>Contr\u00f4le des \u00e9trangers<a title=\"Arriv\u00e9e \/ D\u00e9m\u00e9nagement \/ D\u00e9part\" href=\"https:\/\/www.lengnau.ch\/fr\/themes\/umzug\/\">(arriv\u00e9e \/ d\u00e9m\u00e9nagement \/ d\u00e9part<\/a>, permis d&rsquo;\u00e9trangers, <a href=\"https:\/\/www.lengnau.ch\/fr\/guichet-en-ligne\/formulare\/online-bestellung-wohnsitzbestaetigung\/\">confirmation de r\u00e9sidence<\/a>, etc.)<\/li>\n<li><a title=\"Naturalisations\" href=\"https:\/\/www.lengnau.ch\/fr\/themes\/persoenliches\/einbuergerung\/\">Naturalisations<\/a><\/li>\n<li><a href=\"https:\/\/www.lengnau.ch\/fr\/verwaltung-politik-2\/politik\/abstimmungen-und-wahlen\/\">Votes et \u00e9lections<\/a><\/li>\n<li><a href=\"https:\/\/www.lengnau.ch\/fr\/verwaltung-politik-2\/politik\/abstimmungen-und-wahlen\/\">Registre des votes<\/a><\/li>\n<li><a href=\"https:\/\/www.lengnau.ch\/fr\/themes\/persoenliches\/todesfall\/\">Services fun\u00e9raires et de scell\u00e9s<\/a><\/li>\n<li><a href=\"https:\/\/www.lengnau.ch\/fr\/themes\/persoenliches\/todesfall\/\">Testament<\/a><\/li>\n<li><a href=\"https:\/\/www.lengnau.ch\/fr\/themes\/sicherheit\/dienste-oeffentliche-sicherheit\/\">Police locale<\/a><\/li>\n<li><a href=\"https:\/\/www.lengnau.ch\/fr\/themes\/umzug\/adressauskunft\/\">Protection des donn\u00e9es<\/a><\/li>\n<\/ul>\n","protected":false},"excerpt":{"rendered":"<p>Domaines d&rsquo;activit\u00e9 Le d\u00e9partement pr\u00e9sidentiel est le service de coordination principal de l&rsquo;administration communale de Lengnau BE et est responsable des domaines suivants : T\u00e2ches de coordination interd\u00e9partementales Ressources humaines Promotion du site &#8211; Promotion \u00e9conomique Relations publiques et communication Soutien aux autorit\u00e9s(conseil municipal, commissions et comit\u00e9s) Contr\u00f4le des habitants(arriv\u00e9e \/ d\u00e9m\u00e9nagement \/ d\u00e9part ainsi [&hellip;]<\/p>\n","protected":false},"author":1,"featured_media":0,"parent":3119,"menu_order":14,"comment_status":"closed","ping_status":"closed","template":"page-abteilungen.php","meta":{"_acf_changed":false,"_relevanssi_hide_post":"","_relevanssi_hide_content":"","_relevanssi_pin_for_all":"","_relevanssi_pin_keywords":"","_relevanssi_unpin_keywords":"","_relevanssi_related_keywords":"","_relevanssi_related_include_ids":"","_relevanssi_related_exclude_ids":"","_relevanssi_related_no_append":"","_relevanssi_related_not_related":"","_relevanssi_related_posts":"","_relevanssi_noindex_reason":"","footnotes":""},"class_list":["post-3207","page","type-page","status-publish","hentry"],"acf":[],"yoast_head":"<!-- This site is optimized with the Yoast SEO plugin v27.4 - https:\/\/yoast.com\/product\/yoast-seo-wordpress\/ -->\n<title>D\u00e9partement de la pr\u00e9sidence - Gemeinde Lengnau<\/title>\n<meta name=\"robots\" content=\"index, follow, max-snippet:-1, max-image-preview:large, max-video-preview:-1\" \/>\n<link rel=\"canonical\" href=\"https:\/\/www.lengnau.ch\/fr\/verwaltung-politik-2\/gemeindeverwaltung\/praesidialabteilung\/\" \/>\n<meta property=\"og:locale\" content=\"fr_FR\" \/>\n<meta property=\"og:type\" content=\"article\" \/>\n<meta property=\"og:title\" content=\"D\u00e9partement de la pr\u00e9sidence - Gemeinde Lengnau\" \/>\n<meta property=\"og:description\" content=\"Domaines d&rsquo;activit\u00e9 Le d\u00e9partement pr\u00e9sidentiel est le service de coordination principal de l&rsquo;administration communale de Lengnau BE et est responsable des domaines suivants : T\u00e2ches de coordination interd\u00e9partementales Ressources humaines Promotion du site &#8211; Promotion \u00e9conomique Relations publiques et communication Soutien aux autorit\u00e9s(conseil municipal, commissions et comit\u00e9s) Contr\u00f4le des habitants(arriv\u00e9e \/ d\u00e9m\u00e9nagement \/ d\u00e9part ainsi [&hellip;]\" \/>\n<meta property=\"og:url\" content=\"https:\/\/www.lengnau.ch\/fr\/verwaltung-politik-2\/gemeindeverwaltung\/praesidialabteilung\/\" \/>\n<meta property=\"og:site_name\" content=\"Gemeinde Lengnau\" \/>\n<meta property=\"article:modified_time\" content=\"2025-09-17T09:03:16+00:00\" \/>\n<meta name=\"twitter:card\" content=\"summary_large_image\" \/>\n<script type=\"application\/ld+json\" class=\"yoast-schema-graph\">{\"@context\":\"https:\\\/\\\/schema.org\",\"@graph\":[{\"@type\":\"WebPage\",\"@id\":\"https:\\\/\\\/www.lengnau.ch\\\/fr\\\/verwaltung-politik-2\\\/gemeindeverwaltung\\\/praesidialabteilung\\\/\",\"url\":\"https:\\\/\\\/www.lengnau.ch\\\/fr\\\/verwaltung-politik-2\\\/gemeindeverwaltung\\\/praesidialabteilung\\\/\",\"name\":\"D\u00e9partement de la pr\u00e9sidence - Gemeinde Lengnau\",\"isPartOf\":{\"@id\":\"https:\\\/\\\/www.lengnau.ch\\\/#website\"},\"datePublished\":\"2022-02-16T17:36:39+00:00\",\"dateModified\":\"2025-09-17T09:03:16+00:00\",\"breadcrumb\":{\"@id\":\"https:\\\/\\\/www.lengnau.ch\\\/fr\\\/verwaltung-politik-2\\\/gemeindeverwaltung\\\/praesidialabteilung\\\/#breadcrumb\"},\"inLanguage\":\"fr-FR\",\"potentialAction\":[{\"@type\":\"ReadAction\",\"target\":[\"https:\\\/\\\/www.lengnau.ch\\\/fr\\\/verwaltung-politik-2\\\/gemeindeverwaltung\\\/praesidialabteilung\\\/\"]}]},{\"@type\":\"BreadcrumbList\",\"@id\":\"https:\\\/\\\/www.lengnau.ch\\\/fr\\\/verwaltung-politik-2\\\/gemeindeverwaltung\\\/praesidialabteilung\\\/#breadcrumb\",\"itemListElement\":[{\"@type\":\"ListItem\",\"position\":1,\"name\":\"Home\",\"item\":\"https:\\\/\\\/www.lengnau.ch\\\/fr\\\/\"},{\"@type\":\"ListItem\",\"position\":2,\"name\":\"Administration et politique\",\"item\":\"https:\\\/\\\/www.lengnau.ch\\\/fr\\\/verwaltung-politik-2\\\/\"},{\"@type\":\"ListItem\",\"position\":3,\"name\":\"Administration communale\",\"item\":\"https:\\\/\\\/www.lengnau.ch\\\/fr\\\/verwaltung-politik-2\\\/gemeindeverwaltung\\\/\"},{\"@type\":\"ListItem\",\"position\":4,\"name\":\"D\u00e9partement de la pr\u00e9sidence\"}]},{\"@type\":\"WebSite\",\"@id\":\"https:\\\/\\\/www.lengnau.ch\\\/#website\",\"url\":\"https:\\\/\\\/www.lengnau.ch\\\/\",\"name\":\"Gemeinde Lengnau\",\"description\":\"\",\"potentialAction\":[{\"@type\":\"SearchAction\",\"target\":{\"@type\":\"EntryPoint\",\"urlTemplate\":\"https:\\\/\\\/www.lengnau.ch\\\/?s={search_term_string}\"},\"query-input\":{\"@type\":\"PropertyValueSpecification\",\"valueRequired\":true,\"valueName\":\"search_term_string\"}}],\"inLanguage\":\"fr-FR\"}]}<\/script>\n<!-- \/ Yoast SEO plugin. -->","yoast_head_json":{"title":"D\u00e9partement de la pr\u00e9sidence - Gemeinde Lengnau","robots":{"index":"index","follow":"follow","max-snippet":"max-snippet:-1","max-image-preview":"max-image-preview:large","max-video-preview":"max-video-preview:-1"},"canonical":"https:\/\/www.lengnau.ch\/fr\/verwaltung-politik-2\/gemeindeverwaltung\/praesidialabteilung\/","og_locale":"fr_FR","og_type":"article","og_title":"D\u00e9partement de la pr\u00e9sidence - Gemeinde Lengnau","og_description":"Domaines d&rsquo;activit\u00e9 Le d\u00e9partement pr\u00e9sidentiel est le service de coordination principal de l&rsquo;administration communale de Lengnau BE et est responsable des domaines suivants : T\u00e2ches de coordination interd\u00e9partementales Ressources humaines Promotion du site &#8211; Promotion \u00e9conomique Relations publiques et communication Soutien aux autorit\u00e9s(conseil municipal, commissions et comit\u00e9s) Contr\u00f4le des habitants(arriv\u00e9e \/ d\u00e9m\u00e9nagement \/ d\u00e9part ainsi [&hellip;]","og_url":"https:\/\/www.lengnau.ch\/fr\/verwaltung-politik-2\/gemeindeverwaltung\/praesidialabteilung\/","og_site_name":"Gemeinde Lengnau","article_modified_time":"2025-09-17T09:03:16+00:00","twitter_card":"summary_large_image","schema":{"@context":"https:\/\/schema.org","@graph":[{"@type":"WebPage","@id":"https:\/\/www.lengnau.ch\/fr\/verwaltung-politik-2\/gemeindeverwaltung\/praesidialabteilung\/","url":"https:\/\/www.lengnau.ch\/fr\/verwaltung-politik-2\/gemeindeverwaltung\/praesidialabteilung\/","name":"D\u00e9partement de la pr\u00e9sidence - Gemeinde Lengnau","isPartOf":{"@id":"https:\/\/www.lengnau.ch\/#website"},"datePublished":"2022-02-16T17:36:39+00:00","dateModified":"2025-09-17T09:03:16+00:00","breadcrumb":{"@id":"https:\/\/www.lengnau.ch\/fr\/verwaltung-politik-2\/gemeindeverwaltung\/praesidialabteilung\/#breadcrumb"},"inLanguage":"fr-FR","potentialAction":[{"@type":"ReadAction","target":["https:\/\/www.lengnau.ch\/fr\/verwaltung-politik-2\/gemeindeverwaltung\/praesidialabteilung\/"]}]},{"@type":"BreadcrumbList","@id":"https:\/\/www.lengnau.ch\/fr\/verwaltung-politik-2\/gemeindeverwaltung\/praesidialabteilung\/#breadcrumb","itemListElement":[{"@type":"ListItem","position":1,"name":"Home","item":"https:\/\/www.lengnau.ch\/fr\/"},{"@type":"ListItem","position":2,"name":"Administration et politique","item":"https:\/\/www.lengnau.ch\/fr\/verwaltung-politik-2\/"},{"@type":"ListItem","position":3,"name":"Administration communale","item":"https:\/\/www.lengnau.ch\/fr\/verwaltung-politik-2\/gemeindeverwaltung\/"},{"@type":"ListItem","position":4,"name":"D\u00e9partement de la pr\u00e9sidence"}]},{"@type":"WebSite","@id":"https:\/\/www.lengnau.ch\/#website","url":"https:\/\/www.lengnau.ch\/","name":"Gemeinde Lengnau","description":"","potentialAction":[{"@type":"SearchAction","target":{"@type":"EntryPoint","urlTemplate":"https:\/\/www.lengnau.ch\/?s={search_term_string}"},"query-input":{"@type":"PropertyValueSpecification","valueRequired":true,"valueName":"search_term_string"}}],"inLanguage":"fr-FR"}]}},"publishpress_future_action":{"enabled":false,"date":"2026-05-07 20:26:48","action":"change-status","newStatus":"draft","terms":[],"taxonomy":"translation_priority","extraData":[]},"publishpress_future_workflow_manual_trigger":{"enabledWorkflows":[]},"_links":{"self":[{"href":"https:\/\/www.lengnau.ch\/fr\/wp-json\/wp\/v2\/pages\/3207","targetHints":{"allow":["GET"]}}],"collection":[{"href":"https:\/\/www.lengnau.ch\/fr\/wp-json\/wp\/v2\/pages"}],"about":[{"href":"https:\/\/www.lengnau.ch\/fr\/wp-json\/wp\/v2\/types\/page"}],"author":[{"embeddable":true,"href":"https:\/\/www.lengnau.ch\/fr\/wp-json\/wp\/v2\/users\/1"}],"replies":[{"embeddable":true,"href":"https:\/\/www.lengnau.ch\/fr\/wp-json\/wp\/v2\/comments?post=3207"}],"version-history":[{"count":10,"href":"https:\/\/www.lengnau.ch\/fr\/wp-json\/wp\/v2\/pages\/3207\/revisions"}],"predecessor-version":[{"id":17795,"href":"https:\/\/www.lengnau.ch\/fr\/wp-json\/wp\/v2\/pages\/3207\/revisions\/17795"}],"up":[{"embeddable":true,"href":"https:\/\/www.lengnau.ch\/fr\/wp-json\/wp\/v2\/pages\/3119"}],"wp:attachment":[{"href":"https:\/\/www.lengnau.ch\/fr\/wp-json\/wp\/v2\/media?parent=3207"}],"curies":[{"name":"wp","href":"https:\/\/api.w.org\/{rel}","templated":true}]}}

Département de la présidence

<h2>Domaines d&rsquo;activité</h2>
<p>Le département présidentiel est le service de coordination principal de l&rsquo;administration communale de Lengnau BE et est responsable des domaines suivants :</p>
<ul>
<li>Tâches de coordination interdépartementales</li>
<li>Ressources humaines</li>
<li>Promotion du site &#8211; Promotion économique</li>
<li>Relations publiques et communication</li>
<li>Soutien aux autorités<a title="Conseil municipal" href="https://www.lengnau.ch/fr/verwaltung-politik-2/politik/conseil-municipal/" target="_blank" rel="noopener">(conseil municipal</a>, <a title="Commissions" href="https://www.lengnau.ch/fr/verwaltung-politik-2/politik/kommissionen/">commissions</a> et comités)</li>
<li>Contrôle des habitants<a title="Arrivée / Déménagement / Départ" href="https://www.lengnau.ch/fr/themes/umzug/">(arrivée / déménagement / départ</a> ainsi que <a href="https://www.lengnau.ch/fr/guichet-en-ligne/formulare/online-bestellung-heimatausweis-erstausstellung/">certificat d&rsquo;origine</a>, <a href="https://www.lengnau.ch/fr/guichet-en-ligne/formulare/online-bestellung-wohnsitzbestaetigung/">confirmation de domicile</a>, etc.)</li>
<li>Contrôle des étrangers<a title="Arrivée / Déménagement / Départ" href="https://www.lengnau.ch/fr/themes/umzug/">(arrivée / déménagement / départ</a>, permis d&rsquo;étrangers, <a href="https://www.lengnau.ch/fr/guichet-en-ligne/formulare/online-bestellung-wohnsitzbestaetigung/">confirmation de résidence</a>, etc.)</li>
<li><a title="Naturalisations" href="https://www.lengnau.ch/fr/themes/persoenliches/einbuergerung/">Naturalisations</a></li>
<li><a href="https://www.lengnau.ch/fr/verwaltung-politik-2/politik/abstimmungen-und-wahlen/">Votes et élections</a></li>
<li><a href="https://www.lengnau.ch/fr/verwaltung-politik-2/politik/abstimmungen-und-wahlen/">Registre des votes</a></li>
<li><a href="https://www.lengnau.ch/fr/themes/persoenliches/todesfall/">Services funéraires et de scellés</a></li>
<li><a href="https://www.lengnau.ch/fr/themes/persoenliches/todesfall/">Testament</a></li>
<li><a href="https://www.lengnau.ch/fr/themes/sicherheit/dienste-oeffentliche-sicherheit/">Police locale</a></li>
<li><a href="https://www.lengnau.ch/fr/themes/umzug/adressauskunft/">Protection des données</a></li>
</ul>

<p>Domaines d&rsquo;activité Le département présidentiel est le service de coordination principal de l&rsquo;administration communale de Lengnau BE et est responsable des domaines suivants : Tâches de coordination interdépartementales Ressources humaines Promotion du site &#8211; Promotion économique Relations publiques et communication Soutien aux autorités(conseil municipal, commissions et comités) Contrôle des habitants(arrivée / déménagement / départ ainsi [&hellip;]</p>

<!-- This site is optimized with the Yoast SEO plugin v27.4 - https://yoast.com/product/yoast-seo-wordpress/ -->
<title>Département de la présidence - Gemeinde Lengnau</title>
<meta name="robots" content="index, follow, max-snippet:-1, max-image-preview:large, max-video-preview:-1" />
<link rel="canonical" href="https://www.lengnau.ch/fr/verwaltung-politik-2/gemeindeverwaltung/praesidialabteilung/" />
<meta property="og:locale" content="fr_FR" />
<meta property="og:type" content="article" />
<meta property="og:title" content="Département de la présidence - Gemeinde Lengnau" />
<meta property="og:description" content="Domaines d&rsquo;activité Le département présidentiel est le service de coordination principal de l&rsquo;administration communale de Lengnau BE et est responsable des domaines suivants : Tâches de coordination interdépartementales Ressources humaines Promotion du site &#8211; Promotion économique Relations publiques et communication Soutien aux autorités(conseil municipal, commissions et comités) Contrôle des habitants(arrivée / déménagement / départ ainsi [&hellip;]" />
<meta property="og:url" content="https://www.lengnau.ch/fr/verwaltung-politik-2/gemeindeverwaltung/praesidialabteilung/" />
<meta property="og:site_name" content="Gemeinde Lengnau" />
<meta property="article:modified_time" content="2025-09-17T09:03:16+00:00" />
<meta name="twitter:card" content="summary_large_image" />
<script type="application/ld+json" class="yoast-schema-graph">{"@context":"https:\/\/schema.org","@graph":[{"@type":"WebPage","@id":"https:\/\/www.lengnau.ch\/fr\/verwaltung-politik-2\/gemeindeverwaltung\/praesidialabteilung\/","url":"https:\/\/www.lengnau.ch\/fr\/verwaltung-politik-2\/gemeindeverwaltung\/praesidialabteilung\/","name":"Département de la présidence - Gemeinde Lengnau","isPartOf":{"@id":"https:\/\/www.lengnau.ch\/#website"},"datePublished":"2022-02-16T17:36:39+00:00","dateModified":"2025-09-17T09:03:16+00:00","breadcrumb":{"@id":"https:\/\/www.lengnau.ch\/fr\/verwaltung-politik-2\/gemeindeverwaltung\/praesidialabteilung\/#breadcrumb"},"inLanguage":"fr-FR","potentialAction":[{"@type":"ReadAction","target":["https:\/\/www.lengnau.ch\/fr\/verwaltung-politik-2\/gemeindeverwaltung\/praesidialabteilung\/"]}]},{"@type":"BreadcrumbList","@id":"https:\/\/www.lengnau.ch\/fr\/verwaltung-politik-2\/gemeindeverwaltung\/praesidialabteilung\/#breadcrumb","itemListElement":[{"@type":"ListItem","position":1,"name":"Home","item":"https:\/\/www.lengnau.ch\/fr\/"},{"@type":"ListItem","position":2,"name":"Administration et politique","item":"https:\/\/www.lengnau.ch\/fr\/verwaltung-politik-2\/"},{"@type":"ListItem","position":3,"name":"Administration communale","item":"https:\/\/www.lengnau.ch\/fr\/verwaltung-politik-2\/gemeindeverwaltung\/"},{"@type":"ListItem","position":4,"name":"Département de la présidence"}]},{"@type":"WebSite","@id":"https:\/\/www.lengnau.ch\/#website","url":"https:\/\/www.lengnau.ch\/","name":"Gemeinde Lengnau","description":"","potentialAction":[{"@type":"SearchAction","target":{"@type":"EntryPoint","urlTemplate":"https:\/\/www.lengnau.ch\/?s={search_term_string}"},"query-input":{"@type":"PropertyValueSpecification","valueRequired":true,"valueName":"search_term_string"}}],"inLanguage":"fr-FR"}]}</script>
<!-- / Yoast SEO plugin. -->

Département de la présidence - Gemeinde Lengnau

Domaines d&rsquo;activité Le département présidentiel est le service de coordination principal de l&rsquo;administration communale de Lengnau BE et est responsable des domaines suivants : Tâches de coordination interdépartementales Ressources humaines Promotion du site &#8211; Promotion économique Relations publiques et communication Soutien aux autorités(conseil municipal, commissions et comités) Contrôle des habitants(arrivée / déménagement / départ ainsi [&hellip;]
