{"id":3206,"date":"2022-02-16T18:37:14","date_gmt":"2022-02-16T17:37:14","guid":{"rendered":"https:\/\/lengnau.rettenmund.com\/verwaltung-politik\/gemeindeverwaltung\/werkhof\/"},"modified":"2026-04-27T10:23:56","modified_gmt":"2026-04-27T08:23:56","slug":"werkhof","status":"publish","type":"page","link":"https:\/\/www.lengnau.ch\/fr\/verwaltung-politik-2\/gemeindeverwaltung\/werkhof\/","title":{"rendered":"Centre d&rsquo;entretien"},"content":{"rendered":"<h2>Domaines d&rsquo;activit\u00e9<\/h2>\n<p>Le Werkhof est responsable des domaines suivants :<\/p>\n<ul>\n<li>Entretien des routes, des cours d&rsquo;eau et des espaces verts (nettoyage des routes, d\u00e9neigement, travaux de rev\u00eatement et entretien des cours d&rsquo;eau et des espaces verts)<\/li>\n<li><a title=\"Gestion des d\u00e9chets\" href=\"https:\/\/www.lengnau.ch\/fr\/themes\/abfall\/\">\u00c9limination des d\u00e9chets<\/a> (collecte des ordures m\u00e9nag\u00e8res, verre usag\u00e9, collecte des d\u00e9chets verts, fer blanc, ferraille, papier, carton, plastique m\u00e9nager)  <strong><span style=\"color: #ff0000;\"><em>Veuillez consulter les dates de ramassage dans le <a href=\"https:\/\/www.lengnau.ch\/fr\/themes\/abfall\/abfuhrkalender\/\" target=\"_blank\" rel=\"noopener\">calendrier des ramassages<\/a> ainsi que les <a href=\"https:\/\/www.lengnau.ch\/wp-content\/uploads\/2026\/04\/Wohin-mit-den-Abfaellen.pdf\">informations sur l&rsquo;\u00e9limination des d\u00e9chets &#8211; O\u00f9 d\u00e9poser les d\u00e9chets ?<\/a>, merci. Pour plus d&rsquo;informations, voir <a href=\"https:\/\/www.lengnau.ch\/fr\/themes\/abfall\/wie-entsorge-ich-was\/\" target=\"_blank\" rel=\"noopener\">Comment se d\u00e9barrasser de quoi ?<\/a><\/em><\/span><\/strong><\/li>\n<\/ul>\n","protected":false},"excerpt":{"rendered":"<p>Domaines d&rsquo;activit\u00e9 Le Werkhof est responsable des domaines suivants : Entretien des routes, des cours d&rsquo;eau et des espaces verts (nettoyage des routes, d\u00e9neigement, travaux de rev\u00eatement et entretien des cours d&rsquo;eau et des espaces verts) \u00c9limination des d\u00e9chets (collecte des ordures m\u00e9nag\u00e8res, verre usag\u00e9, collecte des d\u00e9chets verts, fer blanc, ferraille, papier, carton, plastique [&hellip;]<\/p>\n","protected":false},"author":1,"featured_media":0,"parent":3119,"menu_order":23,"comment_status":"closed","ping_status":"closed","template":"page-abteilungen.php","meta":{"_acf_changed":false,"_relevanssi_hide_post":"","_relevanssi_hide_content":"","_relevanssi_pin_for_all":"","_relevanssi_pin_keywords":"","_relevanssi_unpin_keywords":"","_relevanssi_related_keywords":"","_relevanssi_related_include_ids":"","_relevanssi_related_exclude_ids":"","_relevanssi_related_no_append":"","_relevanssi_related_not_related":"","_relevanssi_related_posts":"","_relevanssi_noindex_reason":"","footnotes":""},"class_list":["post-3206","page","type-page","status-publish","hentry"],"acf":[],"yoast_head":"<!-- This site is optimized with the Yoast SEO plugin v27.4 - https:\/\/yoast.com\/product\/yoast-seo-wordpress\/ -->\n<title>Centre d&#039;entretien - Gemeinde Lengnau<\/title>\n<meta name=\"robots\" content=\"index, follow, max-snippet:-1, max-image-preview:large, max-video-preview:-1\" \/>\n<link rel=\"canonical\" href=\"https:\/\/www.lengnau.ch\/fr\/verwaltung-politik-2\/gemeindeverwaltung\/werkhof\/\" \/>\n<meta property=\"og:locale\" content=\"fr_FR\" \/>\n<meta property=\"og:type\" content=\"article\" \/>\n<meta property=\"og:title\" content=\"Centre d&#039;entretien - Gemeinde Lengnau\" \/>\n<meta property=\"og:description\" content=\"Domaines d&rsquo;activit\u00e9 Le Werkhof est responsable des domaines suivants : Entretien des routes, des cours d&rsquo;eau et des espaces verts (nettoyage des routes, d\u00e9neigement, travaux de rev\u00eatement et entretien des cours d&rsquo;eau et des espaces verts) \u00c9limination des d\u00e9chets (collecte des ordures m\u00e9nag\u00e8res, verre usag\u00e9, collecte des d\u00e9chets verts, fer blanc, ferraille, papier, carton, plastique [&hellip;]\" \/>\n<meta property=\"og:url\" content=\"https:\/\/www.lengnau.ch\/fr\/verwaltung-politik-2\/gemeindeverwaltung\/werkhof\/\" \/>\n<meta property=\"og:site_name\" content=\"Gemeinde Lengnau\" \/>\n<meta property=\"article:modified_time\" content=\"2026-04-27T08:23:56+00:00\" \/>\n<meta name=\"twitter:card\" content=\"summary_large_image\" \/>\n<script type=\"application\/ld+json\" class=\"yoast-schema-graph\">{\"@context\":\"https:\\\/\\\/schema.org\",\"@graph\":[{\"@type\":\"WebPage\",\"@id\":\"https:\\\/\\\/www.lengnau.ch\\\/fr\\\/verwaltung-politik-2\\\/gemeindeverwaltung\\\/werkhof\\\/\",\"url\":\"https:\\\/\\\/www.lengnau.ch\\\/fr\\\/verwaltung-politik-2\\\/gemeindeverwaltung\\\/werkhof\\\/\",\"name\":\"Centre d'entretien - Gemeinde Lengnau\",\"isPartOf\":{\"@id\":\"https:\\\/\\\/www.lengnau.ch\\\/#website\"},\"datePublished\":\"2022-02-16T17:37:14+00:00\",\"dateModified\":\"2026-04-27T08:23:56+00:00\",\"breadcrumb\":{\"@id\":\"https:\\\/\\\/www.lengnau.ch\\\/fr\\\/verwaltung-politik-2\\\/gemeindeverwaltung\\\/werkhof\\\/#breadcrumb\"},\"inLanguage\":\"fr-FR\",\"potentialAction\":[{\"@type\":\"ReadAction\",\"target\":[\"https:\\\/\\\/www.lengnau.ch\\\/fr\\\/verwaltung-politik-2\\\/gemeindeverwaltung\\\/werkhof\\\/\"]}]},{\"@type\":\"BreadcrumbList\",\"@id\":\"https:\\\/\\\/www.lengnau.ch\\\/fr\\\/verwaltung-politik-2\\\/gemeindeverwaltung\\\/werkhof\\\/#breadcrumb\",\"itemListElement\":[{\"@type\":\"ListItem\",\"position\":1,\"name\":\"Home\",\"item\":\"https:\\\/\\\/www.lengnau.ch\\\/fr\\\/\"},{\"@type\":\"ListItem\",\"position\":2,\"name\":\"Administration et politique\",\"item\":\"https:\\\/\\\/www.lengnau.ch\\\/fr\\\/verwaltung-politik-2\\\/\"},{\"@type\":\"ListItem\",\"position\":3,\"name\":\"Administration communale\",\"item\":\"https:\\\/\\\/www.lengnau.ch\\\/fr\\\/verwaltung-politik-2\\\/gemeindeverwaltung\\\/\"},{\"@type\":\"ListItem\",\"position\":4,\"name\":\"Centre d&#8217;entretien\"}]},{\"@type\":\"WebSite\",\"@id\":\"https:\\\/\\\/www.lengnau.ch\\\/#website\",\"url\":\"https:\\\/\\\/www.lengnau.ch\\\/\",\"name\":\"Gemeinde Lengnau\",\"description\":\"\",\"potentialAction\":[{\"@type\":\"SearchAction\",\"target\":{\"@type\":\"EntryPoint\",\"urlTemplate\":\"https:\\\/\\\/www.lengnau.ch\\\/?s={search_term_string}\"},\"query-input\":{\"@type\":\"PropertyValueSpecification\",\"valueRequired\":true,\"valueName\":\"search_term_string\"}}],\"inLanguage\":\"fr-FR\"}]}<\/script>\n<!-- \/ Yoast SEO plugin. -->","yoast_head_json":{"title":"Centre d'entretien - Gemeinde Lengnau","robots":{"index":"index","follow":"follow","max-snippet":"max-snippet:-1","max-image-preview":"max-image-preview:large","max-video-preview":"max-video-preview:-1"},"canonical":"https:\/\/www.lengnau.ch\/fr\/verwaltung-politik-2\/gemeindeverwaltung\/werkhof\/","og_locale":"fr_FR","og_type":"article","og_title":"Centre d'entretien - Gemeinde Lengnau","og_description":"Domaines d&rsquo;activit\u00e9 Le Werkhof est responsable des domaines suivants : Entretien des routes, des cours d&rsquo;eau et des espaces verts (nettoyage des routes, d\u00e9neigement, travaux de rev\u00eatement et entretien des cours d&rsquo;eau et des espaces verts) \u00c9limination des d\u00e9chets (collecte des ordures m\u00e9nag\u00e8res, verre usag\u00e9, collecte des d\u00e9chets verts, fer blanc, ferraille, papier, carton, plastique [&hellip;]","og_url":"https:\/\/www.lengnau.ch\/fr\/verwaltung-politik-2\/gemeindeverwaltung\/werkhof\/","og_site_name":"Gemeinde Lengnau","article_modified_time":"2026-04-27T08:23:56+00:00","twitter_card":"summary_large_image","schema":{"@context":"https:\/\/schema.org","@graph":[{"@type":"WebPage","@id":"https:\/\/www.lengnau.ch\/fr\/verwaltung-politik-2\/gemeindeverwaltung\/werkhof\/","url":"https:\/\/www.lengnau.ch\/fr\/verwaltung-politik-2\/gemeindeverwaltung\/werkhof\/","name":"Centre d'entretien - Gemeinde Lengnau","isPartOf":{"@id":"https:\/\/www.lengnau.ch\/#website"},"datePublished":"2022-02-16T17:37:14+00:00","dateModified":"2026-04-27T08:23:56+00:00","breadcrumb":{"@id":"https:\/\/www.lengnau.ch\/fr\/verwaltung-politik-2\/gemeindeverwaltung\/werkhof\/#breadcrumb"},"inLanguage":"fr-FR","potentialAction":[{"@type":"ReadAction","target":["https:\/\/www.lengnau.ch\/fr\/verwaltung-politik-2\/gemeindeverwaltung\/werkhof\/"]}]},{"@type":"BreadcrumbList","@id":"https:\/\/www.lengnau.ch\/fr\/verwaltung-politik-2\/gemeindeverwaltung\/werkhof\/#breadcrumb","itemListElement":[{"@type":"ListItem","position":1,"name":"Home","item":"https:\/\/www.lengnau.ch\/fr\/"},{"@type":"ListItem","position":2,"name":"Administration et politique","item":"https:\/\/www.lengnau.ch\/fr\/verwaltung-politik-2\/"},{"@type":"ListItem","position":3,"name":"Administration communale","item":"https:\/\/www.lengnau.ch\/fr\/verwaltung-politik-2\/gemeindeverwaltung\/"},{"@type":"ListItem","position":4,"name":"Centre d&#8217;entretien"}]},{"@type":"WebSite","@id":"https:\/\/www.lengnau.ch\/#website","url":"https:\/\/www.lengnau.ch\/","name":"Gemeinde Lengnau","description":"","potentialAction":[{"@type":"SearchAction","target":{"@type":"EntryPoint","urlTemplate":"https:\/\/www.lengnau.ch\/?s={search_term_string}"},"query-input":{"@type":"PropertyValueSpecification","valueRequired":true,"valueName":"search_term_string"}}],"inLanguage":"fr-FR"}]}},"publishpress_future_action":{"enabled":false,"date":"2026-05-07 20:16:13","action":"change-status","newStatus":"draft","terms":[],"taxonomy":"translation_priority","extraData":[]},"publishpress_future_workflow_manual_trigger":{"enabledWorkflows":[]},"_links":{"self":[{"href":"https:\/\/www.lengnau.ch\/fr\/wp-json\/wp\/v2\/pages\/3206","targetHints":{"allow":["GET"]}}],"collection":[{"href":"https:\/\/www.lengnau.ch\/fr\/wp-json\/wp\/v2\/pages"}],"about":[{"href":"https:\/\/www.lengnau.ch\/fr\/wp-json\/wp\/v2\/types\/page"}],"author":[{"embeddable":true,"href":"https:\/\/www.lengnau.ch\/fr\/wp-json\/wp\/v2\/users\/1"}],"replies":[{"embeddable":true,"href":"https:\/\/www.lengnau.ch\/fr\/wp-json\/wp\/v2\/comments?post=3206"}],"version-history":[{"count":12,"href":"https:\/\/www.lengnau.ch\/fr\/wp-json\/wp\/v2\/pages\/3206\/revisions"}],"predecessor-version":[{"id":19563,"href":"https:\/\/www.lengnau.ch\/fr\/wp-json\/wp\/v2\/pages\/3206\/revisions\/19563"}],"up":[{"embeddable":true,"href":"https:\/\/www.lengnau.ch\/fr\/wp-json\/wp\/v2\/pages\/3119"}],"wp:attachment":[{"href":"https:\/\/www.lengnau.ch\/fr\/wp-json\/wp\/v2\/media?parent=3206"}],"curies":[{"name":"wp","href":"https:\/\/api.w.org\/{rel}","templated":true}]}}

<h2>Domaines d&rsquo;activité</h2>
<p>Le Werkhof est responsable des domaines suivants :</p>
<ul>
<li>Entretien des routes, des cours d&rsquo;eau et des espaces verts (nettoyage des routes, déneigement, travaux de revêtement et entretien des cours d&rsquo;eau et des espaces verts)</li>
<li><a title="Gestion des déchets" href="https://www.lengnau.ch/fr/themes/abfall/">Élimination des déchets</a> (collecte des ordures ménagères, verre usagé, collecte des déchets verts, fer blanc, ferraille, papier, carton, plastique ménager)  <strong><span style="color: #ff0000;"><em>Veuillez consulter les dates de ramassage dans le <a href="https://www.lengnau.ch/fr/themes/abfall/abfuhrkalender/" target="_blank" rel="noopener">calendrier des ramassages</a> ainsi que les <a href="https://www.lengnau.ch/wp-content/uploads/2026/04/Wohin-mit-den-Abfaellen.pdf">informations sur l&rsquo;élimination des déchets &#8211; Où déposer les déchets ?</a>, merci. Pour plus d&rsquo;informations, voir <a href="https://www.lengnau.ch/fr/themes/abfall/wie-entsorge-ich-was/" target="_blank" rel="noopener">Comment se débarrasser de quoi ?</a></em></span></strong></li>
</ul>

<p>Domaines d&rsquo;activité Le Werkhof est responsable des domaines suivants : Entretien des routes, des cours d&rsquo;eau et des espaces verts (nettoyage des routes, déneigement, travaux de revêtement et entretien des cours d&rsquo;eau et des espaces verts) Élimination des déchets (collecte des ordures ménagères, verre usagé, collecte des déchets verts, fer blanc, ferraille, papier, carton, plastique [&hellip;]</p>

<!-- This site is optimized with the Yoast SEO plugin v27.4 - https://yoast.com/product/yoast-seo-wordpress/ -->
<title>Centre d&#039;entretien - Gemeinde Lengnau</title>
<meta name="robots" content="index, follow, max-snippet:-1, max-image-preview:large, max-video-preview:-1" />
<link rel="canonical" href="https://www.lengnau.ch/fr/verwaltung-politik-2/gemeindeverwaltung/werkhof/" />
<meta property="og:locale" content="fr_FR" />
<meta property="og:type" content="article" />
<meta property="og:title" content="Centre d&#039;entretien - Gemeinde Lengnau" />
<meta property="og:description" content="Domaines d&rsquo;activité Le Werkhof est responsable des domaines suivants : Entretien des routes, des cours d&rsquo;eau et des espaces verts (nettoyage des routes, déneigement, travaux de revêtement et entretien des cours d&rsquo;eau et des espaces verts) Élimination des déchets (collecte des ordures ménagères, verre usagé, collecte des déchets verts, fer blanc, ferraille, papier, carton, plastique [&hellip;]" />
<meta property="og:url" content="https://www.lengnau.ch/fr/verwaltung-politik-2/gemeindeverwaltung/werkhof/" />
<meta property="og:site_name" content="Gemeinde Lengnau" />
<meta property="article:modified_time" content="2026-04-27T08:23:56+00:00" />
<meta name="twitter:card" content="summary_large_image" />
<script type="application/ld+json" class="yoast-schema-graph">{"@context":"https:\/\/schema.org","@graph":[{"@type":"WebPage","@id":"https:\/\/www.lengnau.ch\/fr\/verwaltung-politik-2\/gemeindeverwaltung\/werkhof\/","url":"https:\/\/www.lengnau.ch\/fr\/verwaltung-politik-2\/gemeindeverwaltung\/werkhof\/","name":"Centre d'entretien - Gemeinde Lengnau","isPartOf":{"@id":"https:\/\/www.lengnau.ch\/#website"},"datePublished":"2022-02-16T17:37:14+00:00","dateModified":"2026-04-27T08:23:56+00:00","breadcrumb":{"@id":"https:\/\/www.lengnau.ch\/fr\/verwaltung-politik-2\/gemeindeverwaltung\/werkhof\/#breadcrumb"},"inLanguage":"fr-FR","potentialAction":[{"@type":"ReadAction","target":["https:\/\/www.lengnau.ch\/fr\/verwaltung-politik-2\/gemeindeverwaltung\/werkhof\/"]}]},{"@type":"BreadcrumbList","@id":"https:\/\/www.lengnau.ch\/fr\/verwaltung-politik-2\/gemeindeverwaltung\/werkhof\/#breadcrumb","itemListElement":[{"@type":"ListItem","position":1,"name":"Home","item":"https:\/\/www.lengnau.ch\/fr\/"},{"@type":"ListItem","position":2,"name":"Administration et politique","item":"https:\/\/www.lengnau.ch\/fr\/verwaltung-politik-2\/"},{"@type":"ListItem","position":3,"name":"Administration communale","item":"https:\/\/www.lengnau.ch\/fr\/verwaltung-politik-2\/gemeindeverwaltung\/"},{"@type":"ListItem","position":4,"name":"Centre d&#8217;entretien"}]},{"@type":"WebSite","@id":"https:\/\/www.lengnau.ch\/#website","url":"https:\/\/www.lengnau.ch\/","name":"Gemeinde Lengnau","description":"","potentialAction":[{"@type":"SearchAction","target":{"@type":"EntryPoint","urlTemplate":"https:\/\/www.lengnau.ch\/?s={search_term_string}"},"query-input":{"@type":"PropertyValueSpecification","valueRequired":true,"valueName":"search_term_string"}}],"inLanguage":"fr-FR"}]}</script>
<!-- / Yoast SEO plugin. -->

Domaines d&rsquo;activité Le Werkhof est responsable des domaines suivants : Entretien des routes, des cours d&rsquo;eau et des espaces verts (nettoyage des routes, déneigement, travaux de revêtement et entretien des cours d&rsquo;eau et des espaces verts) Élimination des déchets (collecte des ordures ménagères, verre usagé, collecte des déchets verts, fer blanc, ferraille, papier, carton, plastique [&hellip;]
