{"id":3196,"date":"2022-02-16T15:43:09","date_gmt":"2022-02-16T14:43:09","guid":{"rendered":"https:\/\/lengnau.rettenmund.com\/rotkreuz-fahrdienst\/"},"modified":"2024-10-28T09:00:21","modified_gmt":"2024-10-28T08:00:21","slug":"rotkreuz-fahrdienst","status":"publish","type":"page","link":"https:\/\/www.lengnau.ch\/fr\/themes\/verkehr-und-mobilitaet\/rotkreuz-fahrdienst\/","title":{"rendered":"Service de transport Croix-Rouge"},"content":{"rendered":"<p>Le service de transport est envisageable si<\/p>\n<ul>\n<li>vous allez chez le m\u00e9decin ou en th\u00e9rapie une fois ou r\u00e9guli\u00e8rement<\/li>\n<li>vous commencez ou terminez un s\u00e9jour \u00e0 l&rsquo;h\u00f4pital ou dans un centre de cure<\/li>\n<li>vous assistez occasionnellement \u00e0 une manifestation socioculturelle<\/li>\n<\/ul>\n<p>Des chauffeurs b\u00e9n\u00e9voles de la Croix-Rouge mettent \u00e0 disposition leur temps libre et leur v\u00e9hicule priv\u00e9 pour les trajets. Ils accompagnent les usagers au rendez-vous fix\u00e9 et les ram\u00e8nent chez eux. Sur demande, ils aident les passagers \u00e0 monter et \u00e0 descendre du bus ou les accompagnent jusqu&rsquo;\u00e0 la porte d&rsquo;entr\u00e9e.<\/p>\n<h2>Demandes<\/h2>\n<p>Les demandes de transport doivent \u00eatre adress\u00e9es directement au Service des transports Croix-Rouge, r\u00e9gion Seeland :<\/p>\n<p>T\u00e9l\u00e9phone 032 341 80 80<br \/>\n<a href=\"https:\/\/www.srk-bern.ch\/de\/unterstuetzung-im-alltag\/im-alter\/rotkreuz-fahrdienst\" target=\"_blank\" rel=\"noopener\">Site web<\/a><br \/>\n<a href=\"mailto:fa****************@******rn.ch\" data-original-string=\"9\/6VLpCJoZ1ryGZrb7Ci8g==a0ecNDALDZN3z5cziu7fs3rCHtV4jQJ9nNn3mFt53MmXLI=\" title=\"This contact has been encoded by Anti-Spam by CleanTalk. Click to decode. To finish the decoding make sure that JavaScript is enabled in your browser.\">Courrier \u00e9lectronique<\/a><\/p>\n<h2>Inscription<\/h2>\n<p>du lundi au vendredi<br \/>\n08h00 &#8211; 11h30 \/ 14h00 &#8211; 16h00<\/p>\n<p>Pour plus d&rsquo;informations sur la Croix-Rouge suisse du canton de Berne, r\u00e9gion Seeland, consultez le site <a title=\"Croix-Rouge suisse - Biel\/Bienne-Seeland\" href=\"https:\/\/www.srk-bern.ch\/de\/ueber-uns\/organisation\/standorte\" target=\"_blank\" rel=\"noopener\">www.srk-bern.ch.<\/a><\/p>\n","protected":false},"excerpt":{"rendered":"<p>Le service de transport est envisageable si vous allez chez le m\u00e9decin ou en th\u00e9rapie une fois ou r\u00e9guli\u00e8rement vous commencez ou terminez un s\u00e9jour \u00e0 l&rsquo;h\u00f4pital ou dans un centre de cure vous assistez occasionnellement \u00e0 une manifestation socioculturelle Des chauffeurs b\u00e9n\u00e9voles de la Croix-Rouge mettent \u00e0 disposition leur temps libre et leur v\u00e9hicule [&hellip;]<\/p>\n","protected":false},"author":1,"featured_media":0,"parent":3201,"menu_order":0,"comment_status":"closed","ping_status":"closed","template":"","meta":{"_acf_changed":false,"_relevanssi_hide_post":"","_relevanssi_hide_content":"","_relevanssi_pin_for_all":"","_relevanssi_pin_keywords":"","_relevanssi_unpin_keywords":"","_relevanssi_related_keywords":"","_relevanssi_related_include_ids":"","_relevanssi_related_exclude_ids":"","_relevanssi_related_no_append":"","_relevanssi_related_not_related":"","_relevanssi_related_posts":"","_relevanssi_noindex_reason":"","footnotes":""},"class_list":["post-3196","page","type-page","status-publish","hentry"],"acf":[],"yoast_head":"<!-- This site is optimized with the Yoast SEO plugin v27.4 - https:\/\/yoast.com\/product\/yoast-seo-wordpress\/ -->\n<title>Service de transport Croix-Rouge - Gemeinde Lengnau<\/title>\n<meta name=\"robots\" content=\"index, follow, max-snippet:-1, max-image-preview:large, max-video-preview:-1\" \/>\n<link rel=\"canonical\" href=\"https:\/\/www.lengnau.ch\/fr\/themes\/verkehr-und-mobilitaet\/rotkreuz-fahrdienst\/\" \/>\n<meta property=\"og:locale\" content=\"fr_FR\" \/>\n<meta property=\"og:type\" content=\"article\" \/>\n<meta property=\"og:title\" content=\"Service de transport Croix-Rouge - Gemeinde Lengnau\" \/>\n<meta property=\"og:description\" content=\"Le service de transport est envisageable si vous allez chez le m\u00e9decin ou en th\u00e9rapie une fois ou r\u00e9guli\u00e8rement vous commencez ou terminez un s\u00e9jour \u00e0 l&rsquo;h\u00f4pital ou dans un centre de cure vous assistez occasionnellement \u00e0 une manifestation socioculturelle Des chauffeurs b\u00e9n\u00e9voles de la Croix-Rouge mettent \u00e0 disposition leur temps libre et leur v\u00e9hicule [&hellip;]\" \/>\n<meta property=\"og:url\" content=\"https:\/\/www.lengnau.ch\/fr\/themes\/verkehr-und-mobilitaet\/rotkreuz-fahrdienst\/\" \/>\n<meta property=\"og:site_name\" content=\"Gemeinde Lengnau\" \/>\n<meta property=\"article:modified_time\" content=\"2024-10-28T08:00:21+00:00\" \/>\n<meta name=\"twitter:card\" content=\"summary_large_image\" \/>\n<script type=\"application\/ld+json\" class=\"yoast-schema-graph\">{\"@context\":\"https:\\\/\\\/schema.org\",\"@graph\":[{\"@type\":\"WebPage\",\"@id\":\"https:\\\/\\\/www.lengnau.ch\\\/fr\\\/themes\\\/verkehr-und-mobilitaet\\\/rotkreuz-fahrdienst\\\/\",\"url\":\"https:\\\/\\\/www.lengnau.ch\\\/fr\\\/themes\\\/verkehr-und-mobilitaet\\\/rotkreuz-fahrdienst\\\/\",\"name\":\"Service de transport Croix-Rouge - Gemeinde Lengnau\",\"isPartOf\":{\"@id\":\"https:\\\/\\\/www.lengnau.ch\\\/#website\"},\"datePublished\":\"2022-02-16T14:43:09+00:00\",\"dateModified\":\"2024-10-28T08:00:21+00:00\",\"breadcrumb\":{\"@id\":\"https:\\\/\\\/www.lengnau.ch\\\/fr\\\/themes\\\/verkehr-und-mobilitaet\\\/rotkreuz-fahrdienst\\\/#breadcrumb\"},\"inLanguage\":\"fr-FR\",\"potentialAction\":[{\"@type\":\"ReadAction\",\"target\":[\"https:\\\/\\\/www.lengnau.ch\\\/fr\\\/themes\\\/verkehr-und-mobilitaet\\\/rotkreuz-fahrdienst\\\/\"]}]},{\"@type\":\"BreadcrumbList\",\"@id\":\"https:\\\/\\\/www.lengnau.ch\\\/fr\\\/themes\\\/verkehr-und-mobilitaet\\\/rotkreuz-fahrdienst\\\/#breadcrumb\",\"itemListElement\":[{\"@type\":\"ListItem\",\"position\":1,\"name\":\"Home\",\"item\":\"https:\\\/\\\/www.lengnau.ch\\\/fr\\\/\"},{\"@type\":\"ListItem\",\"position\":2,\"name\":\"Th\u00e8mes\",\"item\":\"https:\\\/\\\/www.lengnau.ch\\\/fr\\\/themes\\\/\"},{\"@type\":\"ListItem\",\"position\":3,\"name\":\"Transport et mobilit\u00e9\",\"item\":\"https:\\\/\\\/www.lengnau.ch\\\/fr\\\/themes\\\/verkehr-und-mobilitaet\\\/\"},{\"@type\":\"ListItem\",\"position\":4,\"name\":\"Service de transport Croix-Rouge\"}]},{\"@type\":\"WebSite\",\"@id\":\"https:\\\/\\\/www.lengnau.ch\\\/#website\",\"url\":\"https:\\\/\\\/www.lengnau.ch\\\/\",\"name\":\"Gemeinde Lengnau\",\"description\":\"\",\"potentialAction\":[{\"@type\":\"SearchAction\",\"target\":{\"@type\":\"EntryPoint\",\"urlTemplate\":\"https:\\\/\\\/www.lengnau.ch\\\/?s={search_term_string}\"},\"query-input\":{\"@type\":\"PropertyValueSpecification\",\"valueRequired\":true,\"valueName\":\"search_term_string\"}}],\"inLanguage\":\"fr-FR\"}]}<\/script>\n<!-- \/ Yoast SEO plugin. -->","yoast_head_json":{"title":"Service de transport Croix-Rouge - Gemeinde Lengnau","robots":{"index":"index","follow":"follow","max-snippet":"max-snippet:-1","max-image-preview":"max-image-preview:large","max-video-preview":"max-video-preview:-1"},"canonical":"https:\/\/www.lengnau.ch\/fr\/themes\/verkehr-und-mobilitaet\/rotkreuz-fahrdienst\/","og_locale":"fr_FR","og_type":"article","og_title":"Service de transport Croix-Rouge - Gemeinde Lengnau","og_description":"Le service de transport est envisageable si vous allez chez le m\u00e9decin ou en th\u00e9rapie une fois ou r\u00e9guli\u00e8rement vous commencez ou terminez un s\u00e9jour \u00e0 l&rsquo;h\u00f4pital ou dans un centre de cure vous assistez occasionnellement \u00e0 une manifestation socioculturelle Des chauffeurs b\u00e9n\u00e9voles de la Croix-Rouge mettent \u00e0 disposition leur temps libre et leur v\u00e9hicule [&hellip;]","og_url":"https:\/\/www.lengnau.ch\/fr\/themes\/verkehr-und-mobilitaet\/rotkreuz-fahrdienst\/","og_site_name":"Gemeinde Lengnau","article_modified_time":"2024-10-28T08:00:21+00:00","twitter_card":"summary_large_image","schema":{"@context":"https:\/\/schema.org","@graph":[{"@type":"WebPage","@id":"https:\/\/www.lengnau.ch\/fr\/themes\/verkehr-und-mobilitaet\/rotkreuz-fahrdienst\/","url":"https:\/\/www.lengnau.ch\/fr\/themes\/verkehr-und-mobilitaet\/rotkreuz-fahrdienst\/","name":"Service de transport Croix-Rouge - Gemeinde Lengnau","isPartOf":{"@id":"https:\/\/www.lengnau.ch\/#website"},"datePublished":"2022-02-16T14:43:09+00:00","dateModified":"2024-10-28T08:00:21+00:00","breadcrumb":{"@id":"https:\/\/www.lengnau.ch\/fr\/themes\/verkehr-und-mobilitaet\/rotkreuz-fahrdienst\/#breadcrumb"},"inLanguage":"fr-FR","potentialAction":[{"@type":"ReadAction","target":["https:\/\/www.lengnau.ch\/fr\/themes\/verkehr-und-mobilitaet\/rotkreuz-fahrdienst\/"]}]},{"@type":"BreadcrumbList","@id":"https:\/\/www.lengnau.ch\/fr\/themes\/verkehr-und-mobilitaet\/rotkreuz-fahrdienst\/#breadcrumb","itemListElement":[{"@type":"ListItem","position":1,"name":"Home","item":"https:\/\/www.lengnau.ch\/fr\/"},{"@type":"ListItem","position":2,"name":"Th\u00e8mes","item":"https:\/\/www.lengnau.ch\/fr\/themes\/"},{"@type":"ListItem","position":3,"name":"Transport et mobilit\u00e9","item":"https:\/\/www.lengnau.ch\/fr\/themes\/verkehr-und-mobilitaet\/"},{"@type":"ListItem","position":4,"name":"Service de transport Croix-Rouge"}]},{"@type":"WebSite","@id":"https:\/\/www.lengnau.ch\/#website","url":"https:\/\/www.lengnau.ch\/","name":"Gemeinde Lengnau","description":"","potentialAction":[{"@type":"SearchAction","target":{"@type":"EntryPoint","urlTemplate":"https:\/\/www.lengnau.ch\/?s={search_term_string}"},"query-input":{"@type":"PropertyValueSpecification","valueRequired":true,"valueName":"search_term_string"}}],"inLanguage":"fr-FR"}]}},"publishpress_future_action":{"enabled":false,"date":"2026-05-07 17:43:03","action":"change-status","newStatus":"draft","terms":[],"taxonomy":"translation_priority","extraData":[]},"publishpress_future_workflow_manual_trigger":{"enabledWorkflows":[]},"_links":{"self":[{"href":"https:\/\/www.lengnau.ch\/fr\/wp-json\/wp\/v2\/pages\/3196","targetHints":{"allow":["GET"]}}],"collection":[{"href":"https:\/\/www.lengnau.ch\/fr\/wp-json\/wp\/v2\/pages"}],"about":[{"href":"https:\/\/www.lengnau.ch\/fr\/wp-json\/wp\/v2\/types\/page"}],"author":[{"embeddable":true,"href":"https:\/\/www.lengnau.ch\/fr\/wp-json\/wp\/v2\/users\/1"}],"replies":[{"embeddable":true,"href":"https:\/\/www.lengnau.ch\/fr\/wp-json\/wp\/v2\/comments?post=3196"}],"version-history":[{"count":10,"href":"https:\/\/www.lengnau.ch\/fr\/wp-json\/wp\/v2\/pages\/3196\/revisions"}],"predecessor-version":[{"id":14768,"href":"https:\/\/www.lengnau.ch\/fr\/wp-json\/wp\/v2\/pages\/3196\/revisions\/14768"}],"up":[{"embeddable":true,"href":"https:\/\/www.lengnau.ch\/fr\/wp-json\/wp\/v2\/pages\/3201"}],"wp:attachment":[{"href":"https:\/\/www.lengnau.ch\/fr\/wp-json\/wp\/v2\/media?parent=3196"}],"curies":[{"name":"wp","href":"https:\/\/api.w.org\/{rel}","templated":true}]}}

<p>Le service de transport est envisageable si</p>
<ul>
<li>vous allez chez le médecin ou en thérapie une fois ou régulièrement</li>
<li>vous commencez ou terminez un séjour à l&rsquo;hôpital ou dans un centre de cure</li>
<li>vous assistez occasionnellement à une manifestation socioculturelle</li>
</ul>
<p>Des chauffeurs bénévoles de la Croix-Rouge mettent à disposition leur temps libre et leur véhicule privé pour les trajets. Ils accompagnent les usagers au rendez-vous fixé et les ramènent chez eux. Sur demande, ils aident les passagers à monter et à descendre du bus ou les accompagnent jusqu&rsquo;à la porte d&rsquo;entrée.</p>
<h2>Demandes</h2>
<p>Les demandes de transport doivent être adressées directement au Service des transports Croix-Rouge, région Seeland :</p>
<p>Téléphone 032 341 80 80<br />
<a href="https://www.srk-bern.ch/de/unterstuetzung-im-alltag/im-alter/rotkreuz-fahrdienst" target="_blank" rel="noopener">Site web</a><br />
<a href="mailto:fa****************@******rn.ch" data-original-string="9/6VLpCJoZ1ryGZrb7Ci8g==a0ecNDALDZN3z5cziu7fs3rCHtV4jQJ9nNn3mFt53MmXLI=" title="This contact has been encoded by Anti-Spam by CleanTalk. Click to decode. To finish the decoding make sure that JavaScript is enabled in your browser.">Courrier électronique</a></p>
<h2>Inscription</h2>
<p>du lundi au vendredi<br />
08h00 &#8211; 11h30 / 14h00 &#8211; 16h00</p>
<p>Pour plus d&rsquo;informations sur la Croix-Rouge suisse du canton de Berne, région Seeland, consultez le site <a title="Croix-Rouge suisse - Biel/Bienne-Seeland" href="https://www.srk-bern.ch/de/ueber-uns/organisation/standorte" target="_blank" rel="noopener">www.srk-bern.ch.</a></p>

<p>Le service de transport est envisageable si vous allez chez le médecin ou en thérapie une fois ou régulièrement vous commencez ou terminez un séjour à l&rsquo;hôpital ou dans un centre de cure vous assistez occasionnellement à une manifestation socioculturelle Des chauffeurs bénévoles de la Croix-Rouge mettent à disposition leur temps libre et leur véhicule [&hellip;]</p>

<!-- This site is optimized with the Yoast SEO plugin v27.4 - https://yoast.com/product/yoast-seo-wordpress/ -->
<title>Service de transport Croix-Rouge - Gemeinde Lengnau</title>
<meta name="robots" content="index, follow, max-snippet:-1, max-image-preview:large, max-video-preview:-1" />
<link rel="canonical" href="https://www.lengnau.ch/fr/themes/verkehr-und-mobilitaet/rotkreuz-fahrdienst/" />
<meta property="og:locale" content="fr_FR" />
<meta property="og:type" content="article" />
<meta property="og:title" content="Service de transport Croix-Rouge - Gemeinde Lengnau" />
<meta property="og:description" content="Le service de transport est envisageable si vous allez chez le médecin ou en thérapie une fois ou régulièrement vous commencez ou terminez un séjour à l&rsquo;hôpital ou dans un centre de cure vous assistez occasionnellement à une manifestation socioculturelle Des chauffeurs bénévoles de la Croix-Rouge mettent à disposition leur temps libre et leur véhicule [&hellip;]" />
<meta property="og:url" content="https://www.lengnau.ch/fr/themes/verkehr-und-mobilitaet/rotkreuz-fahrdienst/" />
<meta property="og:site_name" content="Gemeinde Lengnau" />
<meta property="article:modified_time" content="2024-10-28T08:00:21+00:00" />
<meta name="twitter:card" content="summary_large_image" />
<script type="application/ld+json" class="yoast-schema-graph">{"@context":"https:\/\/schema.org","@graph":[{"@type":"WebPage","@id":"https:\/\/www.lengnau.ch\/fr\/themes\/verkehr-und-mobilitaet\/rotkreuz-fahrdienst\/","url":"https:\/\/www.lengnau.ch\/fr\/themes\/verkehr-und-mobilitaet\/rotkreuz-fahrdienst\/","name":"Service de transport Croix-Rouge - Gemeinde Lengnau","isPartOf":{"@id":"https:\/\/www.lengnau.ch\/#website"},"datePublished":"2022-02-16T14:43:09+00:00","dateModified":"2024-10-28T08:00:21+00:00","breadcrumb":{"@id":"https:\/\/www.lengnau.ch\/fr\/themes\/verkehr-und-mobilitaet\/rotkreuz-fahrdienst\/#breadcrumb"},"inLanguage":"fr-FR","potentialAction":[{"@type":"ReadAction","target":["https:\/\/www.lengnau.ch\/fr\/themes\/verkehr-und-mobilitaet\/rotkreuz-fahrdienst\/"]}]},{"@type":"BreadcrumbList","@id":"https:\/\/www.lengnau.ch\/fr\/themes\/verkehr-und-mobilitaet\/rotkreuz-fahrdienst\/#breadcrumb","itemListElement":[{"@type":"ListItem","position":1,"name":"Home","item":"https:\/\/www.lengnau.ch\/fr\/"},{"@type":"ListItem","position":2,"name":"Thèmes","item":"https:\/\/www.lengnau.ch\/fr\/themes\/"},{"@type":"ListItem","position":3,"name":"Transport et mobilité","item":"https:\/\/www.lengnau.ch\/fr\/themes\/verkehr-und-mobilitaet\/"},{"@type":"ListItem","position":4,"name":"Service de transport Croix-Rouge"}]},{"@type":"WebSite","@id":"https:\/\/www.lengnau.ch\/#website","url":"https:\/\/www.lengnau.ch\/","name":"Gemeinde Lengnau","description":"","potentialAction":[{"@type":"SearchAction","target":{"@type":"EntryPoint","urlTemplate":"https:\/\/www.lengnau.ch\/?s={search_term_string}"},"query-input":{"@type":"PropertyValueSpecification","valueRequired":true,"valueName":"search_term_string"}}],"inLanguage":"fr-FR"}]}</script>
<!-- / Yoast SEO plugin. -->

Le service de transport est envisageable si vous allez chez le médecin ou en thérapie une fois ou régulièrement vous commencez ou terminez un séjour à l&rsquo;hôpital ou dans un centre de cure vous assistez occasionnellement à une manifestation socioculturelle Des chauffeurs bénévoles de la Croix-Rouge mettent à disposition leur temps libre et leur véhicule [&hellip;]

Thèmes

Transport et mobilité
