{"version":"1.0","provider_name":"Gemeinde Lengnau","provider_url":"https:\/\/www.lengnau.ch\/fr\/","title":"Action \"B\u00e4umiges Seeland\" Pro Natura Seeland - Gemeinde Lengnau","type":"rich","width":600,"height":338,"html":"<blockquote class=\"wp-embedded-content\" data-secret=\"hVDCXC9o2y\"><a href=\"https:\/\/www.lengnau.ch\/fr\/2024\/11\/action-baeumiges-seeland-pro-natura-seeland\/\">Action \u00ab\u00a0B\u00e4umiges Seeland\u00a0\u00bb Pro Natura Seeland<\/a><\/blockquote><iframe sandbox=\"allow-scripts\" security=\"restricted\" src=\"https:\/\/www.lengnau.ch\/fr\/2024\/11\/action-baeumiges-seeland-pro-natura-seeland\/embed\/#?secret=hVDCXC9o2y\" width=\"600\" height=\"338\" title=\"\u00ab\u00a0Action \u00ab\u00a0B\u00e4umiges Seeland\u00a0\u00bb Pro Natura Seeland\u00a0\u00bb &#8212; Gemeinde Lengnau\" data-secret=\"hVDCXC9o2y\" frameborder=\"0\" marginwidth=\"0\" marginheight=\"0\" scrolling=\"no\" class=\"wp-embedded-content\"><\/iframe><script>\n\/*! This file is auto-generated *\/\n!function(d,l){\"use strict\";l.querySelector&&d.addEventListener&&\"undefined\"!=typeof URL&&(d.wp=d.wp||{},d.wp.receiveEmbedMessage||(d.wp.receiveEmbedMessage=function(e){var t=e.data;if((t||t.secret||t.message||t.value)&&!\/[^a-zA-Z0-9]\/.test(t.secret)){for(var s,r,n,a=l.querySelectorAll('iframe[data-secret=\"'+t.secret+'\"]'),o=l.querySelectorAll('blockquote[data-secret=\"'+t.secret+'\"]'),c=new RegExp(\"^https?:$\",\"i\"),i=0;i<o.length;i++)o[i].style.display=\"none\";for(i=0;i<a.length;i++)s=a[i],e.source===s.contentWindow&&(s.removeAttribute(\"style\"),\"height\"===t.message?(1e3<(r=parseInt(t.value,10))?r=1e3:~~r<200&&(r=200),s.height=r):\"link\"===t.message&&(r=new URL(s.getAttribute(\"src\")),n=new URL(t.value),c.test(n.protocol))&&n.host===r.host&&l.activeElement===s&&(d.top.location.href=t.value))}},d.addEventListener(\"message\",d.wp.receiveEmbedMessage,!1),l.addEventListener(\"DOMContentLoaded\",function(){for(var e,t,s=l.querySelectorAll(\"iframe.wp-embedded-content\"),r=0;r<s.length;r++)(t=(e=s[r]).getAttribute(\"data-secret\"))||(t=Math.random().toString(36).substring(2,12),e.src+=\"#?secret=\"+t,e.setAttribute(\"data-secret\",t)),e.contentWindow.postMessage({message:\"ready\",secret:t},\"*\")},!1)))}(window,document);\n\/\/# sourceURL=https:\/\/www.lengnau.ch\/wp-includes\/js\/wp-embed.min.js\n<\/script>\n","description":"Prenez-en deux ! Pour la saison de plantation 2024 \u00e0 2025, Pro Natura Seeland propose \u00e0 nouveau des arbres champ\u00eatres et des arbustes sauvages \u00e0 prix r\u00e9duit (p\u00e9riode de vente du 20.10.2024 au 30.04.2025). Pour chaque arbre champ\u00eatre ou arbuste sauvage achet\u00e9, vous en recevez un autre en cadeau ! Pro Natura Seeland a \u00e9tabli [&hellip;]","thumbnail_url":"https:\/\/www.lengnau.ch\/wp-content\/uploads\/2024\/11\/flyer_baeumiges_seeland_2024-25.png","thumbnail_width":682,"thumbnail_height":966}

Action "Bäumiges Seeland" Pro Natura Seeland - Gemeinde Lengnau

<blockquote class="wp-embedded-content" data-secret="hVDCXC9o2y"><a href="https://www.lengnau.ch/fr/2024/11/action-baeumiges-seeland-pro-natura-seeland/">Action « Bäumiges Seeland » Pro Natura Seeland</a></blockquote><iframe sandbox="allow-scripts" security="restricted" src="https://www.lengnau.ch/fr/2024/11/action-baeumiges-seeland-pro-natura-seeland/embed/#?secret=hVDCXC9o2y" width="600" height="338" title="« Action « Bäumiges Seeland » Pro Natura Seeland » &#8212; Gemeinde Lengnau" data-secret="hVDCXC9o2y" frameborder="0" marginwidth="0" marginheight="0" scrolling="no" class="wp-embedded-content"></iframe><script>
/*! This file is auto-generated */
!function(d,l){"use strict";l.querySelector&&d.addEventListener&&"undefined"!=typeof URL&&(d.wp=d.wp||{},d.wp.receiveEmbedMessage||(d.wp.receiveEmbedMessage=function(e){var t=e.data;if((t||t.secret||t.message||t.value)&&!/[^a-zA-Z0-9]/.test(t.secret)){for(var s,r,n,a=l.querySelectorAll('iframe[data-secret="'+t.secret+'"]'),o=l.querySelectorAll('blockquote[data-secret="'+t.secret+'"]'),c=new RegExp("^https?:$","i"),i=0;i<o.length;i++)o[i].style.display="none";for(i=0;i<a.length;i++)s=a[i],e.source===s.contentWindow&&(s.removeAttribute("style"),"height"===t.message?(1e3<(r=parseInt(t.value,10))?r=1e3:~~r<200&&(r=200),s.height=r):"link"===t.message&&(r=new URL(s.getAttribute("src")),n=new URL(t.value),c.test(n.protocol))&&n.host===r.host&&l.activeElement===s&&(d.top.location.href=t.value))}},d.addEventListener("message",d.wp.receiveEmbedMessage,!1),l.addEventListener("DOMContentLoaded",function(){for(var e,t,s=l.querySelectorAll("iframe.wp-embedded-content"),r=0;r<s.length;r++)(t=(e=s[r]).getAttribute("data-secret"))||(t=Math.random().toString(36).substring(2,12),e.src+="#?secret="+t,e.setAttribute("data-secret",t)),e.contentWindow.postMessage({message:"ready",secret:t},"*")},!1)))}(window,document);
//# sourceURL=https://www.lengnau.ch/wp-includes/js/wp-embed.min.js
</script>

Prenez-en deux ! Pour la saison de plantation 2024 à 2025, Pro Natura Seeland propose à nouveau des arbres champêtres et des arbustes sauvages à prix réduit (période de vente du 20.10.2024 au 30.04.2025). Pour chaque arbre champêtre ou arbuste sauvage acheté, vous en recevez un autre en cadeau ! Pro Natura Seeland a établi [&hellip;]
